{"id":6,"date":"2021-11-25T10:56:49","date_gmt":"2021-11-25T09:56:49","guid":{"rendered":"http:\/\/djokic-ntk.rs\/?page_id=6"},"modified":"2021-11-26T15:29:58","modified_gmt":"2021-11-26T14:29:58","slug":"pocetna","status":"publish","type":"page","link":"https:\/\/djokic-ntk.rs\/","title":{"rendered":"PO\u010cETNA"},"content":{"rendered":"<p>[et_pb_section fb_built=&#8221;1&#8243; fullwidth=&#8221;on&#8221; _builder_version=&#8221;4.6.6&#8243; _module_preset=&#8221;default&#8221; background_enable_color=&#8221;off&#8221; global_colors_info=&#8221;{}&#8221;][et_pb_fullwidth_code _builder_version=&#8221;4.6.6&#8243; _module_preset=&#8221;default&#8221; background_enable_color=&#8221;off&#8221; background_enable_image=&#8221;off&#8221; global_colors_info=&#8221;{}&#8221;]\n\t\t\t<!-- START Slider 2 REVOLUTION SLIDER 6.0.7 --><p class=\"rs-p-wp-fix\"><\/p>\n\t\t\t<rs-module-wrap id=\"rev_slider_2_1_wrapper\" data-source=\"gallery\" style=\"background:transparent;padding:0;\">\n\t\t\t\t<rs-module id=\"rev_slider_2_1\" style=\"display:none;\" data-version=\"6.0.7\">\n\t\t\t\t\t<rs-slides>\n\t\t\t\t\t\t<rs-slide data-key=\"rs-2\" data-title=\"Slide\" data-ssop=\"true\" data-anim=\"ei:d;eo:d;s:d;r:0;t:random-premium;sl:d;\">\n\t\t\t\t\t\t\t<img loading=\"lazy\" decoding=\"async\" src=\"\/\/djokic-ntk.rs\/wp-content\/uploads\/2021\/11\/dzervinova.vila_1-1.jpg\" title=\"dzervinova.vila_1-1\" width=\"1654\" height=\"1103\" class=\"rev-slidebg\" data-no-retina>\n<!--\n\t\t\t\t\t\t\t--><rs-layer\n\t\t\t\t\t\t\t\tid=\"slider-2-slide-2-layer-1\" \n\t\t\t\t\t\t\t\tdata-type=\"image\"\n\t\t\t\t\t\t\t\tdata-rsp_ch=\"on\"\n\t\t\t\t\t\t\t\tdata-xy=\"x:c;yo:141px,116px,88px,88px;\"\n\t\t\t\t\t\t\t\tdata-text=\"w:normal;s:20,16,12,12;l:0,20,15,15;\"\n\t\t\t\t\t\t\t\tdata-dim=\"w:650px,536px,407px,407px;h:155px,128px,97px,97px;\"\n\t\t\t\t\t\t\t\tdata-frame_0=\"x:ran(-250|250);y:ran(-150|150);sX:ran(0|1.5);sY:ran(0|1.5);rX:ran(-90|90);rY:ran(-90|90);rZ:ran(-90|90);\"\n\t\t\t\t\t\t\t\tdata-frame_1=\"e:Back.easeInOut;sp:1500;\"\n\t\t\t\t\t\t\t\tdata-frame_999=\"o:0;st:w;\"\n\t\t\t\t\t\t\t\tstyle=\"z-index:10;font-family:Roboto;\"\n\t\t\t\t\t\t\t><img loading=\"lazy\" decoding=\"async\" src=\"\/\/djokic-ntk.rs\/wp-content\/uploads\/2021\/11\/djokicntk1.png\" width=\"449\" height=\"107\" data-no-retina> \n\t\t\t\t\t\t\t<\/rs-layer><!--\n\n\t\t\t\t\t\t\t--><rs-layer\n\t\t\t\t\t\t\t\tid=\"slider-2-slide-2-layer-2\" \n\t\t\t\t\t\t\t\tdata-type=\"text\"\n\t\t\t\t\t\t\t\tdata-rsp_ch=\"on\"\n\t\t\t\t\t\t\t\tdata-xy=\"x:c;y:m;yo:27px,22px,-156px,-156px;\"\n\t\t\t\t\t\t\t\tdata-text=\"w:normal;s:26,21,15,15;l:44,36,27,27;a:center;\"\n\t\t\t\t\t\t\t\tdata-dim=\"w:1013px,836px,635px,635px;h:308px,254px,192px,192px;minh:0,none,none,0;\"\n\t\t\t\t\t\t\t\tdata-frame_999=\"o:0;st:w;\"\n\t\t\t\t\t\t\t\tstyle=\"z-index:11;font-family:Arial, Helvetica, sans-serif;\"\n\t\t\t\t\t\t\t><strong>Dobrodo\u0161li na internet sajt Akcionarskog dru\u0161tva<br \/>Trgovine na veliko i malo \"\u0110oki\u0107-NTK\" Knja\u017eevac<br \/><\/strong><br \/>Na ovom mestu na\u0107i \u0107ete sve relevantne informacije o nama i na\u0161em poslovanju, od osnivanja pa sve do danas. Finansijski izve\u0161taji o poslovanju prikazani su na posebnoj stranici. Oglasna tabla namenjena je akcionarima i sadr\u017ei informacije i javne pozive za sastanke organa Akcionarskog Dru\u0161tva. \n\t\t\t\t\t\t\t<\/rs-layer><!--\n\n\t\t\t\t\t\t\t--><rs-layer\n\t\t\t\t\t\t\t\tid=\"slider-2-slide-2-layer-3\" \n\t\t\t\t\t\t\t\tdata-type=\"shape\"\n\t\t\t\t\t\t\t\tdata-rsp_ch=\"on\"\n\t\t\t\t\t\t\t\tdata-xy=\"x:c;y:m;yo:-56px,-46px,-34px,-34px;\"\n\t\t\t\t\t\t\t\tdata-text=\"w:normal;s:20,16,12,12;l:0,20,15,15;\"\n\t\t\t\t\t\t\t\tdata-dim=\"w:1154px,952px,723px,723px;h:533,440,334,334;\"\n\t\t\t\t\t\t\t\tdata-frame_999=\"o:0;st:w;\"\n\t\t\t\t\t\t\t\tstyle=\"z-index:9;background-color:rgba(0,0,0,0.5);font-family:Roboto;\"\n\t\t\t\t\t\t\t> \n\t\t\t\t\t\t\t<\/rs-layer><!--\n-->\t\t\t\t\t\t<\/rs-slide>\n\t\t\t\t\t<\/rs-slides>\n\t\t\t\t\t<rs-progress class=\"rs-bottom\" style=\"visibility: hidden !important;\"><\/rs-progress>\n\t\t\t\t<\/rs-module>\n\t\t\t\t<script type=\"text\/javascript\">\n\t\t\t\t\tsetREVStartSize({c: 'rev_slider_2_1',rl:[1240,1024,778,778],el:[900,768,960,960],gw:[1240,1024,778,778],gh:[900,768,960,960],layout:'fullscreen',offsetContainer:'',offset:'',mh:\"0\"});\n\t\t\t\t\tvar\trevapi2,\n\t\t\t\t\t\ttpj;\n\t\t\t\t\tjQuery(function() {\n\t\t\t\t\t\ttpj = jQuery;\n\t\t\t\t\t\tif(tpj(\"#rev_slider_2_1\").revolution == undefined){\n\t\t\t\t\t\t\trevslider_showDoubleJqueryError(\"#rev_slider_2_1\");\n\t\t\t\t\t\t}else{\n\t\t\t\t\t\t\trevapi2 = tpj(\"#rev_slider_2_1\").show().revolution({\n\t\t\t\t\t\t\t\tjsFileLocation:\"\/\/djokic-ntk.rs\/wp-content\/plugins\/revslider\/public\/assets\/js\/\",\n\t\t\t\t\t\t\t\tsliderLayout:\"fullscreen\",\n\t\t\t\t\t\t\t\tvisibilityLevels:\"1240,1024,778,778\",\n\t\t\t\t\t\t\t\tgridwidth:\"1240,1024,778,778\",\n\t\t\t\t\t\t\t\tgridheight:\"900,768,960,960\",\n\t\t\t\t\t\t\t\tminHeight:\"\",\n\t\t\t\t\t\t\t\tspinner:\"spinner0\",\n\t\t\t\t\t\t\t\teditorheight:\"900,768,960,592\",\n\t\t\t\t\t\t\t\tresponsiveLevels:\"1240,1024,778,778\",\n\t\t\t\t\t\t\t\tdisableProgressBar:\"on\",\n\t\t\t\t\t\t\t\tnavigation: {\n\t\t\t\t\t\t\t\t\tonHoverStop:false\n\t\t\t\t\t\t\t\t},\n\t\t\t\t\t\t\t\tfallbacks: {\n\t\t\t\t\t\t\t\t\tallowHTML5AutoPlayOnAndroid:true\n\t\t\t\t\t\t\t\t},\n\t\t\t\t\t\t\t});\n\t\t\t\t\t\t}\n\t\t\t\t\t\t\n\t\t\t\t\t});\n\t\t\t\t<\/script>\n\t\t\t<\/rs-module-wrap>\n\t\t\t<!-- END REVOLUTION SLIDER -->\n[\/et_pb_fullwidth_code][\/et_pb_section][et_pb_section fb_built=&#8221;1&#8243; _builder_version=&#8221;4.6.6&#8243; _module_preset=&#8221;default&#8221; background_enable_color=&#8221;off&#8221; background_enable_image=&#8221;off&#8221; background_enable_video_mp4=&#8221;off&#8221; collapsed=&#8221;off&#8221; global_colors_info=&#8221;{}&#8221;][et_pb_row _builder_version=&#8221;4.6.6&#8243; _module_preset=&#8221;default&#8221; global_colors_info=&#8221;{}&#8221;][et_pb_column type=&#8221;4_4&#8243; _builder_version=&#8221;4.6.6&#8243; _module_preset=&#8221;default&#8221; global_colors_info=&#8221;{}&#8221;][et_pb_text _builder_version=&#8221;4.6.6&#8243; _module_preset=&#8221;default&#8221; custom_margin=&#8221;30px||||false|false&#8221; global_colors_info=&#8221;{}&#8221;]<\/p>\n<h2 class=\"widget-title\">Pogledajte na\u0161e objekte<\/h2>\n<p>[\/et_pb_text][et_pb_gallery gallery_ids=&#8221;162,154,158,161&#8243; _builder_version=&#8221;4.6.6&#8243; _module_preset=&#8221;default&#8221; title_level=&#8221;h6&#8243; title_font_size=&#8221;12px&#8221; global_colors_info=&#8221;{}&#8221;][\/et_pb_gallery][\/et_pb_column][\/et_pb_row][\/et_pb_section][et_pb_section fb_built=&#8221;1&#8243; fullwidth=&#8221;on&#8221; _builder_version=&#8221;4.6.6&#8243; _module_preset=&#8221;default&#8221; global_colors_info=&#8221;{}&#8221;][et_pb_fullwidth_map address=&#8221;Cara Du\u0161ana 1, Knja\u017eevac, Serbia&#8221; address_lat=&#8221;43.5676014&#8243; address_lng=&#8221;22.253142&#8243; mouse_wheel=&#8221;off&#8221; _builder_version=&#8221;4.14.1&#8243; _module_preset=&#8221;default&#8221; child_filter_hue_rotate=&#8221;216deg&#8221; child_filter_invert=&#8221;100%&#8221; child_mix_blend_mode=&#8221;screen&#8221; hover_enabled=&#8221;0&#8243; global_colors_info=&#8221;{}&#8221; sticky_enabled=&#8221;0&#8243;][et_pb_map_pin pin_address=&#8221;Cara Du\u0161ana 1, Knja\u017eevac, Serbia&#8221; zoom_level=&#8221;15&#8243; pin_address_lat=&#8221;43.5676014&#8243; pin_address_lng=&#8221;22.253142&#8243; _builder_version=&#8221;4.6.6&#8243; _module_preset=&#8221;default&#8221; global_colors_info=&#8221;{}&#8221;][\/et_pb_map_pin][\/et_pb_fullwidth_map][\/et_pb_section]<\/p>\n","protected":false},"excerpt":{"rendered":"<p>\n\t\t\t<!-- START Slider 2 REVOLUTION SLIDER 6.0.7 --><p class=\"rs-p-wp-fix\"><\/p>\n\t\t\t<rs-module-wrap id=\"rev_slider_2_2_wrapper\" data-source=\"gallery\" style=\"background:transparent;padding:0;\">\n\t\t\t\t<rs-module id=\"rev_slider_2_2\" style=\"display:none;\" data-version=\"6.0.7\">\n\t\t\t\t\t<rs-slides>\n\t\t\t\t\t\t<rs-slide data-key=\"rs-2\" data-title=\"Slide\" data-ssop=\"true\" data-anim=\"ei:d;eo:d;s:d;r:0;t:random-premium;sl:d;\">\n\t\t\t\t\t\t\t<img loading=\"lazy\" decoding=\"async\" src=\"\/\/djokic-ntk.rs\/wp-content\/uploads\/2021\/11\/dzervinova.vila_1-1.jpg\" title=\"dzervinova.vila_1-1\" width=\"1654\" height=\"1103\" class=\"rev-slidebg\" data-no-retina>\n<!--\n\t\t\t\t\t\t\t--><rs-layer\n\t\t\t\t\t\t\t\tid=\"slider-2-slide-2-layer-1\" \n\t\t\t\t\t\t\t\tdata-type=\"image\"\n\t\t\t\t\t\t\t\tdata-rsp_ch=\"on\"\n\t\t\t\t\t\t\t\tdata-xy=\"x:c;yo:141px,116px,88px,88px;\"\n\t\t\t\t\t\t\t\tdata-text=\"w:normal;s:20,16,12,12;l:0,20,15,15;\"\n\t\t\t\t\t\t\t\tdata-dim=\"w:650px,536px,407px,407px;h:155px,128px,97px,97px;\"\n\t\t\t\t\t\t\t\tdata-frame_0=\"x:ran(-250|250);y:ran(-150|150);sX:ran(0|1.5);sY:ran(0|1.5);rX:ran(-90|90);rY:ran(-90|90);rZ:ran(-90|90);\"\n\t\t\t\t\t\t\t\tdata-frame_1=\"e:Back.easeInOut;sp:1500;\"\n\t\t\t\t\t\t\t\tdata-frame_999=\"o:0;st:w;\"\n\t\t\t\t\t\t\t\tstyle=\"z-index:10;font-family:Roboto;\"\n\t\t\t\t\t\t\t><img loading=\"lazy\" decoding=\"async\" src=\"\/\/djokic-ntk.rs\/wp-content\/uploads\/2021\/11\/djokicntk1.png\" width=\"449\" height=\"107\" data-no-retina> \n\t\t\t\t\t\t\t<\/rs-layer><!--\n\n\t\t\t\t\t\t\t--><rs-layer\n\t\t\t\t\t\t\t\tid=\"slider-2-slide-2-layer-2\" \n\t\t\t\t\t\t\t\tdata-type=\"text\"\n\t\t\t\t\t\t\t\tdata-rsp_ch=\"on\"\n\t\t\t\t\t\t\t\tdata-xy=\"x:c;y:m;yo:27px,22px,-156px,-156px;\"\n\t\t\t\t\t\t\t\tdata-text=\"w:normal;s:26,21,15,15;l:44,36,27,27;a:center;\"\n\t\t\t\t\t\t\t\tdata-dim=\"w:1013px,836px,635px,635px;h:308px,254px,192px,192px;minh:0,none,none,0;\"\n\t\t\t\t\t\t\t\tdata-frame_999=\"o:0;st:w;\"\n\t\t\t\t\t\t\t\tstyle=\"z-index:11;font-family:Arial, Helvetica, sans-serif;\"\n\t\t\t\t\t\t\t><strong>Dobrodo\u0161li na internet sajt Akcionarskog dru\u0161tva<br \/>Trgovine na veliko i malo \"\u0110oki\u0107-NTK\" Knja\u017eevac<br \/><\/strong><br \/>Na ovom mestu na\u0107i \u0107ete sve relevantne informacije o nama i na\u0161em poslovanju, od osnivanja pa sve do danas. Finansijski izve\u0161taji o poslovanju prikazani su na posebnoj stranici. Oglasna tabla namenjena je akcionarima i sadr\u017ei informacije i javne pozive za sastanke organa Akcionarskog Dru\u0161tva. \n\t\t\t\t\t\t\t<\/rs-layer><!--\n\n\t\t\t\t\t\t\t--><rs-layer\n\t\t\t\t\t\t\t\tid=\"slider-2-slide-2-layer-3\" \n\t\t\t\t\t\t\t\tdata-type=\"shape\"\n\t\t\t\t\t\t\t\tdata-rsp_ch=\"on\"\n\t\t\t\t\t\t\t\tdata-xy=\"x:c;y:m;yo:-56px,-46px,-34px,-34px;\"\n\t\t\t\t\t\t\t\tdata-text=\"w:normal;s:20,16,12,12;l:0,20,15,15;\"\n\t\t\t\t\t\t\t\tdata-dim=\"w:1154px,952px,723px,723px;h:533,440,334,334;\"\n\t\t\t\t\t\t\t\tdata-frame_999=\"o:0;st:w;\"\n\t\t\t\t\t\t\t\tstyle=\"z-index:9;background-color:rgba(0,0,0,0.5);font-family:Roboto;\"\n\t\t\t\t\t\t\t> \n\t\t\t\t\t\t\t<\/rs-layer><!--\n-->\t\t\t\t\t\t<\/rs-slide>\n\t\t\t\t\t<\/rs-slides>\n\t\t\t\t\t<rs-progress class=\"rs-bottom\" style=\"visibility: hidden !important;\"><\/rs-progress>\n\t\t\t\t<\/rs-module>\n\t\t\t\t<script type=\"text\/javascript\">\n\t\t\t\t\tsetREVStartSize({c: 'rev_slider_2_2',rl:[1240,1024,778,778],el:[900,768,960,960],gw:[1240,1024,778,778],gh:[900,768,960,960],layout:'fullscreen',offsetContainer:'',offset:'',mh:\"0\"});\n\t\t\t\t\tvar\trevapi2,\n\t\t\t\t\t\ttpj;\n\t\t\t\t\tjQuery(function() {\n\t\t\t\t\t\ttpj = jQuery;\n\t\t\t\t\t\tif(tpj(\"#rev_slider_2_2\").revolution == undefined){\n\t\t\t\t\t\t\trevslider_showDoubleJqueryError(\"#rev_slider_2_2\");\n\t\t\t\t\t\t}else{\n\t\t\t\t\t\t\trevapi2 = tpj(\"#rev_slider_2_2\").show().revolution({\n\t\t\t\t\t\t\t\tjsFileLocation:\"\/\/djokic-ntk.rs\/wp-content\/plugins\/revslider\/public\/assets\/js\/\",\n\t\t\t\t\t\t\t\tsliderLayout:\"fullscreen\",\n\t\t\t\t\t\t\t\tvisibilityLevels:\"1240,1024,778,778\",\n\t\t\t\t\t\t\t\tgridwidth:\"1240,1024,778,778\",\n\t\t\t\t\t\t\t\tgridheight:\"900,768,960,960\",\n\t\t\t\t\t\t\t\tminHeight:\"\",\n\t\t\t\t\t\t\t\tspinner:\"spinner0\",\n\t\t\t\t\t\t\t\teditorheight:\"900,768,960,592\",\n\t\t\t\t\t\t\t\tresponsiveLevels:\"1240,1024,778,778\",\n\t\t\t\t\t\t\t\tdisableProgressBar:\"on\",\n\t\t\t\t\t\t\t\tnavigation: {\n\t\t\t\t\t\t\t\t\tonHoverStop:false\n\t\t\t\t\t\t\t\t},\n\t\t\t\t\t\t\t\tfallbacks: {\n\t\t\t\t\t\t\t\t\tallowHTML5AutoPlayOnAndroid:true\n\t\t\t\t\t\t\t\t},\n\t\t\t\t\t\t\t});\n\t\t\t\t\t\t}\n\t\t\t\t\t\t\n\t\t\t\t\t});\n\t\t\t\t<\/script>\n\t\t\t<\/rs-module-wrap>\n\t\t\t<!-- END REVOLUTION SLIDER -->\nPogledajte na\u0161e objekte<\/p>\n","protected":false},"author":1,"featured_media":0,"parent":0,"menu_order":0,"comment_status":"closed","ping_status":"closed","template":"","meta":{"_et_pb_use_builder":"on","_et_pb_old_content":"","_et_gb_content_width":"","footnotes":""},"class_list":["post-6","page","type-page","status-publish","hentry"],"_links":{"self":[{"href":"https:\/\/djokic-ntk.rs\/index.php\/wp-json\/wp\/v2\/pages\/6","targetHints":{"allow":["GET"]}}],"collection":[{"href":"https:\/\/djokic-ntk.rs\/index.php\/wp-json\/wp\/v2\/pages"}],"about":[{"href":"https:\/\/djokic-ntk.rs\/index.php\/wp-json\/wp\/v2\/types\/page"}],"author":[{"embeddable":true,"href":"https:\/\/djokic-ntk.rs\/index.php\/wp-json\/wp\/v2\/users\/1"}],"replies":[{"embeddable":true,"href":"https:\/\/djokic-ntk.rs\/index.php\/wp-json\/wp\/v2\/comments?post=6"}],"version-history":[{"count":147,"href":"https:\/\/djokic-ntk.rs\/index.php\/wp-json\/wp\/v2\/pages\/6\/revisions"}],"predecessor-version":[{"id":665,"href":"https:\/\/djokic-ntk.rs\/index.php\/wp-json\/wp\/v2\/pages\/6\/revisions\/665"}],"wp:attachment":[{"href":"https:\/\/djokic-ntk.rs\/index.php\/wp-json\/wp\/v2\/media?parent=6"}],"curies":[{"name":"wp","href":"https:\/\/api.w.org\/{rel}","templated":true}]}}